o. Suppose o*h + 4*h = 144. Let i be 1*2/19 - (-4540)/190. Calculate the highest common factor of i and h.
12
Suppose -7*s = -9*s + 12. Calculate the highest common factor of 15 and s.
3
Let v be ((-3)/2)/(4/(-8)). Suppose 2*d + 252 = 4*n, 5*n + v*d + d - 315 = 0. Suppose -3*o = -4*o + 9. Calculate the greatest common factor of n and o.
9
Suppose 0 = -5*o - 3 - 7. Let k = o - -2. Suppose k*c + 35 = 5*c. Calculate the highest common divisor of c and 7.
7
Suppose 10*p + c = 5*p + 195, 185 = 4*p - 5*c. Calculate the highest common divisor of p and 24.
8
Let f(o) = o**3 - 7*o**2 - 6*o + 9. Let l be f(8). Suppose 5*h - 30 = -b, b - 17 = -h - 7. What is the greatest common factor of l and b?
5
Suppose i + 699 = 5*w, -3 = -5*i + 2. Calculate the highest common factor of 28 and w.
28
Let k = 4 + 8. Calculate the highest common factor of k and 12.
12
Let q(w) = -w + 8. Let p(r) = r - 7. Let l(j) = 5*p(j) + 4*q(j). Let z be l(8). Let x be 2/(-4)*-1*40. What is the greatest common factor of z and x?
5
Suppose -3*q = -5*h - 29, -34 = -4*q - 0*q + 2*h. Suppose -200 = -5*r - 0*r. What is the greatest common factor of r and q?
8
Let i = 166 + -154. What is the greatest common factor of 4 and i?
4
Suppose n - 2*n = -10. Calculate the highest common factor of 15 and n.
5
Let q be (-8 - 5)*(-1 + 0). Calculate the highest common divisor of 2 and q.
1
Let x be (-12)/9 + 210/9. What is the greatest common divisor of 154 and x?
22
Let v be (1/(8/6))/(5/160). What is the highest common divisor of v and 60?
12
Let x = -7 + 19. Let q(i) = 2*i**2 + 2*i + 2. Suppose 2 = 5*f + 12. Let h be q(f). Calculate the greatest common factor of x and h.
6
Let g be (-1)/(-1) - (-8)/2. Suppose 4*s + 7 + 12 = -g*t, -3*s = -t. Let m = t - -9. What is the greatest common factor of 2 and m?
2
Let a(c) = 36*c**2 - c - 1. Let x be a(-2). Suppose i + 106 = 135. What is the greatest common divisor of i and x?
29
Suppose -5*u + 30 - 5 = 0. Suppose 0 = -k - 5*s + 17, 2*k + 2*s + 5 = 5*s. Let n be 5*(k - 1*-9). Calculate the greatest common factor of n and u.
5
Let c be (64/6 + 2)*(-3)/(-2). What is the greatest common divisor of c and 152?
19
Let i = -148 + 163. Calculate the highest common factor of 15 and i.
15
Let o(p) = 44*p - 5. Let v be o(6). Suppose 0 = -4*y + v - 51. Calculate the greatest common divisor of 13 and y.
13
Suppose -2*g - 4*s + 9*s = -11, -g - 2*s = -1. What is the greatest common divisor of 21 and g?
3
Suppose -1 = b + k - 30, -3*b + 90 = 4*k. What is the greatest common factor of b and 13?
13
Let x(t) be the first derivative of -t**4/4 - 5*t**3/3 + 4*t**2 + 9*t - 2. Let m be x(-6). Let w = m - -8. Calculate the greatest common factor of 55 and w.
5
Suppose 5*f + 0*f - 60 = 0. Calculate the highest common factor of f and 24.
12
Suppose -y - 1 = -20. What is the greatest common divisor of 19 and y?
19
Suppose 4*r - 2*r - x = 4, -5*r - 2*x + 28 = 0. Suppose w = r*w + 12. Let h = w - -10. Calculate the greatest common factor of 4 and h.
2
Suppose x = -3*x + 8. Let b(f) = -f + f**x + f - 4. Let i be b(8). What is the highest common factor of 24 and i?
12
Let u(x) = x**3 + 5*x**2 - x + 2. Let a(k) = 4*k**2 - k + 1. Let s(d) = 4*a(d) - 3*u(d). Let f be s(-1). What is the greatest common factor of f and 33?
3
Let q = 74 - 73. What is the greatest common factor of q and 3?
1
Let c be (2/4)/(2/480). What is the greatest common factor of c and 24?
24
Let h(q) = -4*q - 1. Let s be h(-4). Suppose -3*i + s = 2*i. Suppose i*l - 35 = 37. Calculate the highest common divisor of 48 and l.
24
Suppose -12*a - 12 = -14*a. Calculate the highest common divisor of a and 66.
6
Let q(w) = -w**3 - w**2 - w - 1. Let i be q(-1). Suppose -g = l - 3, g + 17 = 3*l - i*l. Calculate the highest common divisor of l and 35.
5
Let u = 13 - 6. Let w = 35 + -14. What is the highest common divisor of u and w?
7
Let y be -2 - (63/(-1) - -1). Let i = 31 + -16. What is the highest common divisor of i and y?
15
Let z = -8 - 2. Let q = z - -19. Let r = q - 5. What is the greatest common divisor of 1 and r?
1
Suppose -2*l + 648 = l. Suppose -n = 4*d - 380, -3*d - n + l = -68. Let o = 145 - 133. What is the greatest common divisor of o and d?
12
Let l be (-4)/(-10)*(1 - 21). Let d = 3 + l. Let m = d - -6. Calculate the greatest common factor of 11 and m.
1
Let u(l) = l**2 + 16*l - 14. Let c(z) = -5*z**2 - 65*z + 55. Let s(x) = 2*c(x) + 9*u(x). Let t be s(12). Calculate the greatest common divisor of 2 and t.
2
Suppose 2*z + 438 = 2*l - 4*l, -4*z - 870 = -2*l. Let g = -138 - z. Calculate the greatest common factor of 20 and g.
20
Let n(j) = -2*j**3 - 2*j - 2. Let b be n(-3). Let v = b - -26. Calculate the highest common factor of v and 21.
21
Suppose 5*f - 16 = f. Let r(a) = 0*a**2 - 5*a + 12*a**2 + f*a. Let t be r(1). Calculate the highest common divisor of t and 44.
11
Suppose -10 = 5*s - 0*s. Let f be 6/(-3) + 10 - s. Suppose 4*y - 2*k = -k + 80, 2*y - 40 = 5*k. What is the greatest common divisor of y and f?
10
Let b be 24 - (0 - (0 - 0)). Calculate the highest common factor of b and 16.
8
Suppose 461 = 12*w - 79. What is the greatest common divisor of 5 and w?
5
Let h be (138/(-9) + 1)*3. Let f = 63 + h. What is the highest common factor of f and 50?
10
Let u be ((-24)/2)/((-2)/(-11)). Let z = u + 105. Suppose -4*h + 11 = -41. Calculate the highest common factor of z and h.
13
Let p(h) = h**3 - 9*h**2 + 7*h + 8. Let a be p(8). Suppose a = -2*k - q - 4*q + 37, q + 19 = 2*k. What is the highest common factor of k and 11?
11
Let j be ((-8)/(-10))/(1/10). Suppose 5*z - 25 = k - 6*k, -3*k + 3 = -z. Suppose j = l - 3*g, 5 = l + k*g - 8. Calculate the highest common divisor of l and 11.
11
Let c be 606/15 - 6/15. Calculate the greatest common divisor of 5 and c.
5
Suppose 0 + 6 = 3*t. Suppose -d - 40 = -5*d. Suppose -d = t*x - 66. What is the highest common factor of x and 70?
14
Suppose 2*a = -a + 423. Suppose w + 0*w + 5*q - 29 = 0, -4*w + 5*q = -a. Let s = w - 15. What is the highest common divisor of s and 19?
19
Suppose 6 = 4*x - 2. Calculate the highest common divisor of x and 2.
2
Suppose -5*n = v - 21, 0*v - 2*v - 3 = -5*n. What is the highest common factor of 66 and v?
6
Suppose -4*y = 2*m + 4, -4*y + 5*y + 4*m = -8. Suppose y*x - x = -6. Suppose 2*q = x*q - 260. Calculate the greatest common factor of 26 and q.
13
Let q = 2 - 5. Let x = 5 + q. Let v = 73 - 51. Calculate the highest common factor of v and x.
2
Let p be 35 - ((-2)/6)/(4/12). Let i = -8 + 12. Suppose 0 = -i*a + 5 + 43. What is the greatest common divisor of p and a?
12
Let y = 13 - 18. Let w be 11/(3 - y/(-2)). What is the highest common divisor of 22 and w?
22
Let g = 20 - -10. Suppose -2*s + 17 = y - 4*y, -5*s - 5*y + g = 0. What is the highest common factor of s and 63?
7
Let g be (-1 - -2)/((-1)/(-3)). Let y = 25 - g. Suppose 2*h - 2 = y. What is the greatest common factor of h and 12?
12
Let d = 4 + 3. What is the greatest common divisor of d and 28?
7
Let k = -5 - -11. Let t(g) = g + 0 + k + 5. Let b be t(9). Calculate the greatest common divisor of 4 and b.
4
Let f = 36 - 27. Let n be (47/3)/(2/6). Let g = n + -2. Calculate the greatest common divisor of f and g.
9
Let d = -5 - -10. Suppose d*m + 32 - 81 = -4*u, -4*u + 61 = m. Let x be 1*73/3 - (-2)/(-6). Calculate the highest common divisor of x and u.
8
Let q be 32/6 + 56/(-42). What is the highest common divisor of 12 and q?
4
Let p = -6 - -6. Let m = 0 + p. Suppose 5*d - d - 3*t - 208 = 0, d + t - 59 = m. Calculate the greatest common factor of 5 and d.
5
Suppose -4*t - 4*x - x + 195 = 0, 0 = 2*t + 3*x - 95. What is the greatest common divisor of 5 and t?
5
Let c(n) = -9*n**2 + n - 5. Let h be c(-6). Let i be (-2 + -1)*-1 - 239. Let p = i - h. What is the greatest common factor of 11 and p?
11
Let w = -26 - -8. Let p = 26 + w. What is the greatest common divisor of p and 56?
8
Let a = 19 + -10. Calculate the greatest common divisor of 81 and a.
9
Let r(o) = 15*o**2 + o - 1. Let j be r(1). What is the greatest common divisor of j and 10?
5
Suppose 0 = -3*s + q + 3, s + 15 = -0*q - 5*q. Let w be (-1 + 2)*28 - s. What is the highest common divisor of w and 28?
28
Let g = -30 + 38. What is the highest common divisor of g and 72?
8
Suppose 4*s = 134 - 382. Let j = s + 107. Calculate t